{"id":3462,"date":"2025-08-20T15:38:59","date_gmt":"2025-08-20T08:38:59","guid":{"rendered":"https:\/\/www.meublesmove.be\/?post_type=product&#038;p=3462"},"modified":"2025-08-28T13:58:01","modified_gmt":"2025-08-28T11:58:01","slug":"ma-10","status":"publish","type":"product","link":"https:\/\/www.meublesmove.be\/nl\/catalogue\/ma-10\/","title":{"rendered":"MeubleM 134"},"content":{"rendered":"<p>Houd er rekening mee dat de artikelen op onze website niet noodzakelijkerwijs in de winkel worden tentoongesteld en vice versa. Voor meer informatie kunt u contact met ons opnemen via e-mail of telefoon. Offertes en prijzen van individuele artikelen zijn alleen in de winkel verkrijgbaar. Bedankt voor uw begrip.<\/p>","protected":false},"excerpt":{"rendered":"<p>Stof: Bamboestof met enkele naaldsteek, met 3D-band<br \/>\nKern: LATEX 60 kg\/m\u00b3 + POCKET + LATEX 60 kg\/m\u00b3<br \/>\nAfwerking: WASBARE HOES 60 \u00b0C<br \/>\nHoogte: 22 cm<br \/>\nAfmetingen: 90\/200 \u2013 140\/200 \u2013 160\/200 \u2013 180\/200<br \/>\nMatelas POCKET LATEX BAMBOO &#8211; 7 ZONES de confort. MATELAS AVEC RESSORTS POCKET ET LATEX. Le noyau a une \u00e9lasticit\u00e9 et une dur\u00e9e de vie maximale. Le tissu se compose de fibres naturelle de bambou. Ceci est un produit \u00e9cologique. A L&#8217;usage la douceur et le pouvoir absorbant de cette mati\u00e8re en fait un produit tr\u00e8s agr\u00e9able. La housse est totalement d\u00e9houssable. La transpiration est \u00e9vit\u00e9e gr\u00e2ce \u00e0 la circulation maximale de la bande 3D. De cette fa\u00e7on il y a une pr\u00e9vention de chaleur et humidit\u00e9. 22 cm d&#8217;\u00e9paisseur. Anti-acariens et anti-allergique. Utilisable pour sommier fix et r\u00e9glable.<\/p>\n<p>Garantie: 5 jaar<\/p>","protected":false},"featured_media":3461,"template":"","meta":{"_acf_changed":false},"product_brand":[],"product_cat":[116,131],"product_tag":[],"product_material":[],"class_list":{"0":"post-3462","1":"product","2":"type-product","3":"status-publish","4":"has-post-thumbnail","6":"product_cat-literie-et-boxspring","7":"product_cat-matelas","9":"first","10":"instock","11":"shipping-taxable","12":"product-type-simple"},"acf":[],"aioseo_notices":[],"_links":{"self":[{"href":"https:\/\/www.meublesmove.be\/nl\/wp-json\/wp\/v2\/product\/3462","targetHints":{"allow":["GET"]}}],"collection":[{"href":"https:\/\/www.meublesmove.be\/nl\/wp-json\/wp\/v2\/product"}],"about":[{"href":"https:\/\/www.meublesmove.be\/nl\/wp-json\/wp\/v2\/types\/product"}],"wp:featuredmedia":[{"embeddable":true,"href":"https:\/\/www.meublesmove.be\/nl\/wp-json\/wp\/v2\/media\/3461"}],"wp:attachment":[{"href":"https:\/\/www.meublesmove.be\/nl\/wp-json\/wp\/v2\/media?parent=3462"}],"wp:term":[{"taxonomy":"product_brand","embeddable":true,"href":"https:\/\/www.meublesmove.be\/nl\/wp-json\/wp\/v2\/product_brand?post=3462"},{"taxonomy":"product_cat","embeddable":true,"href":"https:\/\/www.meublesmove.be\/nl\/wp-json\/wp\/v2\/product_cat?post=3462"},{"taxonomy":"product_tag","embeddable":true,"href":"https:\/\/www.meublesmove.be\/nl\/wp-json\/wp\/v2\/product_tag?post=3462"},{"taxonomy":"product_material","embeddable":true,"href":"https:\/\/www.meublesmove.be\/nl\/wp-json\/wp\/v2\/product_material?post=3462"}],"curies":[{"name":"wp","href":"https:\/\/api.w.org\/{rel}","templated":true}]}}

<p>Stof: Bamboestof met enkele naaldsteek, met 3D-band<br />
Kern: LATEX 60 kg/m³ + POCKET + LATEX 60 kg/m³<br />
Afwerking: WASBARE HOES 60 °C<br />
Hoogte: 22 cm<br />
Afmetingen: 90/200 – 140/200 – 160/200 – 180/200<br />
Matelas POCKET LATEX BAMBOO &#8211; 7 ZONES de confort. MATELAS AVEC RESSORTS POCKET ET LATEX. Le noyau a une élasticité et une durée de vie maximale. Le tissu se compose de fibres naturelle de bambou. Ceci est un produit écologique. A L&#8217;usage la douceur et le pouvoir absorbant de cette matière en fait un produit très agréable. La housse est totalement déhoussable. La transpiration est évitée grâce à la circulation maximale de la bande 3D. De cette façon il y a une prévention de chaleur et humidité. 22 cm d&#8217;épaisseur. Anti-acariens et anti-allergique. Utilisable pour sommier fix et réglable.</p>
<p>Garantie: 5 jaar</p>
